der when 12536 is divided by 36.
8
What is the remainder when 5259 is divided by 699?
366
What is the remainder when 30278 is divided by 22?
6
What is the remainder when 1798 is divided by 587?
37
What is the remainder when 118505 is divided by 905?
855
What is the remainder when 25404 is divided by 111?
96
What is the remainder when 77682 is divided by 38836?
10
What is the remainder when 113927 is divided by 3675?
2
What is the remainder when 11019 is divided by 81?
3
What is the remainder when 3750653 is divided by 57?
53
Calculate the remainder when 637 is divided by 262.
113
Calculate the remainder when 505973 is divided by 147.
146
Calculate the remainder when 3766 is divided by 3761.
5
Calculate the remainder when 3629 is divided by 144.
29
Calculate the remainder when 1876042 is divided by 89335.
7
Calculate the remainder when 195826 is divided by 63.
22
Calculate the remainder when 1596210 is divided by 31.
20
Calculate the remainder when 53712 is divided by 14.
8
What is the remainder when 1287 is divided by 605?
77
What is the remainder when 2897 is divided by 1338?
221
Calculate the remainder when 35638 is divided by 71.
67
Calculate the remainder when 2718 is divided by 2551.
167
Calculate the remainder when 7398 is divided by 5.
3
What is the remainder when 19228 is divided by 9610?
8
Calculate the remainder when 1923 is divided by 187.
53
What is the remainder when 139467 is divided by 68?
67
What is the remainder when 126541 is divided by 707?
695
Calculate the remainder when 42167 is divided by 26.
21
Calculate the remainder when 7889 is divided by 314.
39
Calculate the remainder when 24148 is divided by 12069.
10
Calculate the remainder when 196871 is divided by 78.
77
Calculate the remainder when 2436 is divided by 330.
126
What is the remainder when 14114565 is divided by 24?
21
Calculate the remainder when 24278 is divided by 3027.
62
Calculate the remainder when 45327 is divided by 1195.
1112
What is the remainder when 66633 is divided by 680?
673
What is the remainder when 1065073 is divided by 963?
958
What is the remainder when 10843 is divided by 15?
13
Calculate the remainder when 1553 is divided by 511.
20
What is the remainder when 103267 is divided by 478?
19
What is the remainder when 3761068 is divided by 30?
28
What is the remainder when 89606 is divided by 70?
6
What is the remainder when 1297 is divided by 188?
169
Calculate the remainder when 50619 is divided by 16870.
9
Calculate the remainder when 4958 is divided by 223.
52
What is the remainder when 2610 is divided by 2541?
69
Calculate the remainder when 42751 is divided by 10673.
59
What is the remainder when 55417 is divided by 4?
1
Calculate the remainder when 62415 is divided by 484.
463
Calculate the remainder when 23766 is divided by 410.
396
Calculate the remainder when 1481 is divided by 71.
61
What is the remainder when 19863 is divided by 231?
228
What is the remainder when 64744 is divided by 641?
3
What is the remainder when 29571 is divided by 39?
9
What is the remainder when 5616 is divided by 1193?
844
What is the remainder when 48808 is divided by 1949?
83
Calculate the remainder when 24340 is divided by 2211.
19
Calculate the remainder when 4677 is divided by 1482.
231
Calculate the remainder when 386 is divided by 22.
12
What is the remainder when 2951 is divided by 265?
36
Calculate the remainder when 4879 is divided by 487.
9
What is the remainder when 104100 is divided by 955?
5
Calculate the remainder when 904416 is divided by 329.
324
What is the remainder when 18087 is divided by 30?
27
Calculate the remainder when 98549 is divided by 97.
94
Calculate the remainder when 13085 is divided by 375.
335
What is the remainder when 580430 is divided by 283?
280
What is the remainder when 1075 is divided by 495?
85
Calculate the remainder when 13501 is divided by 6732.
37
Calculate the remainder when 21526 is divided by 297.
142
What is the remainder when 165415 is divided by 55134?
13
Calculate the remainder when 7078 is divided by 356.
314
Calculate the remainder when 7014794 is divided by 17.
16
Calculate the remainder when 30402 is divided by 632.
66
What is the remainder when 39218 is divided by 167?
140
What is the remainder when 11540 is divided by 824?
4
What is the remainder when 272610 is divided by 646?
644
What is the remainder when 3866 is divided by 766?
36
What is the remainder when 16753 is divided by 40?
33
Calculate the remainder when 376051 is divided by 7.
4
Calculate the remainder when 68296 is divided by 388.
8
What is the remainder when 9319 is divided by 9270?
49
Calculate the remainder when 4006 is divided by 8.
6
What is the remainder when 6893 is divided by 32?
13
Calculate the remainder when 19441 is divided by 885.
856
What is the remainder when 82579 is divided by 4?
3
Calculate the remainder when 81563 is divided by 50.
13
What is the remainder when 121374 is divided by 137?
129
What is the remainder when 3093 is divided by 137?
79
What is the remainder when 19741 is divided by 87?
79
Calculate the remainder when 1567 is divided by 1053.
514
What is the remainder when 3490 is divided by 213?
82
What is the remainder when 2580 is divided by 66?
6
Calculate the remainder when 31613 is divided by 340.
333
Calculate the remainder when 142675 is divided by 246.
241
Calculate the remainder when 29561 is divided by 7330.
241
Calculate the remainder when 790907 is divided by 197726.
3
Calculate the remainder when 3392 is divided by 609.
347
What is the remainder when 6272 is divided by 254?
176
What is the remainder when 148406 is divided by 684?
662
Calculate the remainder when 13382 is divided by 178.
32
What is the remainder when 125164 is divided by 211?
41
Calculate the remainder when 307421 is divided by 142.
133
Calculate the remainder when 97029 is divided by 1797.
1788
What is the remainder when 5503 is divided by 221?
199
Calculate the remainder when 6077 is divided by 2947.
183
What is the remainder when 522 is divided by 39?
15
What is the remainder when 377107 is divided by 7?
3
What is the remainder when 3348 is divided by 1114?
6
What is the remainder when 59821 is divided by 3518?
15
Calculate the remainder when 21502 is divided by 107.
102
What is the remainder when 12672 is divided by 12633?
39
Calculate the remainder when 370617 is divided by 116.
113
Calculate the remainder when 913 is divided by 215.
53
Calculate the remainder when 12350 is divided by 12325.
25
Calculate the remainder when 16049 is divided by 136.
1
What is the remainder when 33054 is divided by 918?
6
What is the remainder when 9215 is divided by 369?
359
Calculate the remainder when 7467 is divided by 7450.
17
What is the remainder when 1720341 is divided by 573442?
15
What is the remainder when 10868 is divided by 1081?
58
Calculate the remainder when 7233 is divided by 485.
443
Calculate the remainder when 296354 is divided by 33.
14
Calculate the remainder when 12811 is divided by 123.
19
What is the remainder when 4565 is divided by 259?
162
Calculate the remainder when 2600 is divided by 99.
26
Calculate the remainder when 10348 is divided by 632.
236
What is the remainder when 8977 is divided by 49?
10
What is the remainder when 980 is divided by 903?
77
Calculate the remainder when 2217 is divided by 120.
57
What is the remainder when 246588 is divided by 3?
0
What is the remainder when 20789 is divided by 1871?
208
What is the remainder when 1325 is divided by 173?
114
Calculate the remainder when 17109 is divided by 105.
99
What is the remainder when 600227 is divided by 72?
35
What is the remainder when 4381 is divided by 168?
13
Calculate the remainder when 39371 is divided by 15.
11
Calculate the remainder when 25407 is divided by 1274.
1201
What is the remainder when 3241502 is divided by 355?
352
Calculate the remainder when 32330 is divided by 27.
11
What is the remainder when 22257 is divided by 105?
102
Calculate the remainder when 409238 is divided by 58.
48
What is the remainder when 88680 is divided by 82?
38
Calculate the remainder when 228627 is divided by 1971.
1962
Calculate the remainder when 78524 is divided by 497.
495
Calculate the remainder when 10524 is divided by 69.
36
What is the remainder